?
True
Let n = 1 - 1. Let s = n - -10. Suppose 2*h - 2*p - s = -p, 12 = 3*p. Is h composite?
False
Let c = 1974 - 1132. Suppose -5*i + c = g + 212, 5*g = 4*i - 533. Is i composite?
False
Let d be 3*-2*5/(-6). Suppose d*b - 22 = -7. Suppose 0 = -h - 4*t + 17, 2*h + 3*h + b*t = 68. Is h prime?
True
Suppose 3*r = 6, 3*m + 3*r = 24 - 6. Let s(u) = -681*u + 1. Let n be s(-1). Is n/14 + m/14 a composite number?
True
Suppose p + 4*m + 7 + 3 = 0, 4*p + 2*m + 40 = 0. Let u(c) be the third derivative of c**6/120 + c**5/5 + c**4/6 - c**3/2 - 2*c**2. Is u(p) a prime number?
True
Let r(x) = x**3 - 8*x**2 - 7*x - 12. Let w be r(9). Let a be 118/(-4) - 9/w. Let s = a - -46. Is s a prime number?
False
Let x(m) = m**2 + 3*m + 3. Suppose p = -r - 6, 0 = -5*p - r - 10 - 16. Let i be x(p). Suppose 3*q = 2*q + i. Is q prime?
True
Suppose 44 = -5*o - 5*h + 179, 2*h = 2*o - 38. Suppose 0*n + 42 = 3*n + 3*x, 0 = -2*n - 3*x + o. Is n a composite number?
False
Let x(c) = -26*c - 3. Is x(-1) a prime number?
True
Let l be (-3 + 0)/(12/(-16)). Is 65 + 0 + 0 + l a prime number?
False
Suppose 0 = 2*z - 5*z + 6. Suppose 5*g - 93 = z*g. Is g a composite number?
False
Let c(o) = 7*o**2 - 6*o - 13. Is c(6) a composite number?
True
Let q(z) = 27*z**2 + 2*z + 1. Let k be q(-2). Suppose 2*l + k = 7*l. Is l composite?
True
Let q(b) = -b**3 + 4*b**2 + b - 2. Let o be q(4). Let m be 1 + -3 - 1 - o. Let i = 84 + m. Is i a composite number?
False
Let r(o) = -o**2 - o - 52. Let a be r(0). Let t be (-1)/(-3) + (-269)/(-3). Let d = a + t. Is d a composite number?
True
Let i(f) = -2374*f - 3. Is i(-1) composite?
False
Let i(s) be the third derivative of 0*s + 0 - 3*s**2 - 1/8*s**4 + 1/6*s**3 + 1/10*s**5. Is i(4) a prime number?
False
Suppose g = -0*g - 27. Let f = 41 + g. Is f a prime number?
False
Let n(p) = -p**3 + 10*p**2 - p + 9. Let h be n(10). Let o = 13 - h. Is o composite?
True
Suppose 4*q = 4*c + 140 + 220, 5*q + c = 456. Suppose 0 = o + 4*b - 16 - q, 5*b = -25. Is o a prime number?
True
Suppose 3*d = 4*t + 31, 4*t - 3*d + 6*d + 1 = 0. Let s be 82/t - 3/6. Is (s/12 - 2)*-4 a composite number?
True
Suppose 3*f - 5*m - 40 = 0, -2*f + 17 = -m - 5. Let k be 3/(-6) - f/(-4). Suppose 7*u = k*u + 2*j + 157, -4*u + 4*j = -128. Is u prime?
True
Let x(o) = 40*o**2 + 9*o - 9. Is x(4) a composite number?
True
Is (-14)/(-49) + 1 + 6674/14 a prime number?
False
Let d = -832 - -1176. Let q = d + -109. Let s = -78 + q. Is s a prime number?
True
Is (-3 - -2)/((-1)/355) a composite number?
True
Let x = -3 - -3. Suppose -j - 2*j + 393 = x. Is j a composite number?
False
Suppose 4*z = g - 0*g - 197, 3*g - 5*z - 563 = 0. Suppose o + 3*n - 96 = g, 4*o = 3*n + 1033. Is o prime?
False
Let v = 458 + -282. Let h = -18 + v. Is h a composite number?
True
Let v = -229 - -563. Is v prime?
False
Let w = 123 + -86. Is w prime?
True
Let j = 0 + 3. Suppose -2*t - 4*g = 10, -4*t + 1 + j = 2*g. Is t a prime number?
True
Let d = 102 + -59. Suppose -3*r + 5*f + 12 = -12, 4*r - d = 3*f. Is r prime?
True
Let p be (-855)/(-4) - 5/(-20). Let b = p - 87. Is b prime?
True
Let w(u) = -9*u**3 - 14*u**2 - 9*u + 1. Is w(-5) a prime number?
True
Let u = -1843 - -3056. Is u composite?
False
Let d = -1632 + 2375. Is d a composite number?
False
Suppose 3*y = 4*l - 17, 1 = 2*l - 0*l + y. Suppose i - 393 = -l*i. Is i a composite number?
False
Let z = 94 - 63. Is z prime?
True
Let j = 3 - 2. Let s = 1 + j. Is (4 - s)*(-110)/(-4) composite?
True
Suppose -4*t - 457 = -5*i, 3*t + 2 = -7. Suppose -2*g + 2*n = -244, -2*n = g - i - 48. Is g composite?
False
Suppose -3*l - 2*y = -400, -5*y + 665 = 5*l - 0*l. Is l prime?
False
Let w(n) = -121*n - 2. Let j(i) = 61*i + 1. Let t(c) = -9*j(c) - 4*w(c). Let a be t(-1). Let q = -45 + a. Is q prime?
True
Suppose 2*u - 26445 = -13*u. Is u a prime number?
False
Suppose -2*f = -5*w - 392, 4*f = -w - 3*w - 336. Let u = w + 189. Is u a prime number?
True
Let o(c) = c**2 + 9*c - 2. Let a be o(-9). Is (53/(-2))/(1/a) a prime number?
True
Let v(x) be the third derivative of -x**6/120 - x**5/30 - x**4/12 - x**3 - 13*x**2. Suppose 2*w - 7*w - 45 = 4*z, w + 2*z + 15 = 0. Is v(w) a prime number?
True
Let d be (0 + 3)/((-2)/(-36)). Let h = d - 32. Let a = 0 + h. Is a a prime number?
False
Let r = 5191 + -1628. Is r composite?
True
Let k = 3 - 5. Let s = k + 4. Suppose 0 = 4*y - s*y - 44. Is y a composite number?
True
Let t = 1194 + -821. Is t a prime number?
True
Suppose -2*g - 2*g + 28 = 0. Suppose m - 22 = 4*u - 3, -5*m - 2*u = -g. Suppose -m*a + 4*s + 24 = s, a + 2*s = 2. Is a composite?
True
Let b be 10/(-45) + 778/18. Let k = 77 - b. Is k a prime number?
False
Let v(j) = j. Let p be v(2). Suppose -10 = 2*w, -3*o = p*o + w - 30. Suppose -g - o = -40. Is g prime?
False
Suppose 4*o = 8 + 4. Suppose 7 = o*u + 1. Suppose -u*g + 4*g - 62 = 0. Is g composite?
False
Suppose -10 = -2*j - 3*j. Suppose 2*c + 3*z = 51 + 362, -j*z = -4*c + 850. Is c a prime number?
True
Let i = 5 + -7. Let v = i + 1. Is v*1/((-3)/267) prime?
True
Let y = 102 + 15. Suppose -3*n + 65 = b, y = 2*b + n + 7. Is b a composite number?
False
Let x(t) be the third derivative of 1/24*t**4 - 1/6*t**3 + 2*t**2 + 0*t + 0. Is x(4) composite?
False
Suppose -5*t + z = -34, 2*t - 5*z = -3*t + 50. Suppose 2*v + t = -0*v. Is (-106)/3*v/2 prime?
True
Suppose -435 = -2*k - k. Suppose k = 2*p - 7*p. Let a = p - -150. Is a composite?
True
Let h(d) be the third derivative of d**4/12 + 19*d**3/3 - 3*d**2. Let r(a) = -3*a - 39. Let z(m) = 4*h(m) + 3*r(m). Is z(0) a prime number?
False
Let x = 19 + -15. Is -3*x/(-6) + 159 prime?
False
Let g be (-2)/8 + 18/8. Suppose 4*p - d + g = 0, -4*p = -2*p - 4*d + 8. Suppose -j - 2*j + 30 = p. Is j composite?
True
Let a(h) = -2*h**3 + 8*h**2 - 5*h + 2. Let u(j) = j**3 - j**2 + j - 1. Let g(b) = a(b) + u(b). Is g(6) a composite number?
False
Let s(j) = j + 7. Let i be (-3 - -4) + 2/(-2). Suppose -1 = -f + 5*m, i = -5*f - m - 22 + 1. Is s(f) a composite number?
False
Let w(o) = -o**2 - 3*o + 6. Let c(f) = -f**2 - 3*f + 5. Let i(r) = -4*c(r) + 3*w(r). Let u be i(-2). Is (-21)/9*(u + 1) a prime number?
True
Let c = 1842 + -1216. Is c a composite number?
True
Let v = -338 + 517. Is v composite?
False
Suppose -17 = 5*k + 4*a - 2, -2*a + 6 = -2*k. Let g(y) = -y. Let o(h) = -39*h - 2. Let v(r) = 2*g(r) + o(r). Is v(k) a composite number?
True
Suppose -2*z + 550 = 3*z. Let u = -64 + z. Is u a prime number?
False
Let u(h) = 34*h - 5. Let g be u(6). Let o = g + 4. Is o prime?
False
Let m = 2 + 0. Suppose -216 = m*d + 2*d. Let t = -19 - d. Is t a prime number?
False
Let f(x) be the third derivative of -3*x**4/2 - x**3/6 + 4*x**2. Is f(-12) a prime number?
True
Let k = 25 - -2. Let j = k - 14. Is j a composite number?
False
Let f(p) = -7*p**3 - p**2 + p + 1. Let w be f(-1). Let s(z) = z**3 - 8*z**2 + 3*z - 8. Let r be s(w). Let l = 17 - r. Is l a composite number?
False
Let i be (348/16)/((-2)/(-72)). Suppose 4*j - 1483 = -u, -2*u + 2162 = j - i. Is u a composite number?
False
Suppose 4*c - 3 = 1. Let u be (-8)/(-12)*6/c. Suppose -2*p + 185 = 4*o - 319, -p - 510 = -u*o. Is o prime?
True
Let b(r) = -5*r**2 + 0*r**2 + r**3 - r - 7 + r**2. Suppose 0 = z - 0 + 2, -5*g = 3*z - 19. Is b(g) prime?
True
Let f be (-6723)/(-63) + (-2)/(-7). Suppose -2*i + 3*a + 83 = 0, -2*i - a = 4*a - f. Is i a prime number?
False
Let a = -1 + 0. Is a/(-7) - 1756/(-7) a prime number?
True
Let b = -347 + 930. Is b a composite number?
True
Suppose 3 = -2*b - 3*f, 4*f + 3 = -3*b - 1. Let l be (b*(-1)/2)/(-1). Suppose -5*a - 2*u + 162 + 79 = l, 4*u = 5*a - 223. Is a composite?
False
Let w be (-7 - -6)/((-1)/3). Let u(m) = m**3 - 3*m**2 - m + 3. Let a be u(w). Suppose a = t - 4*t + 111. Is t prime?
True
Let v = 80 - 43. Is v a composite number?
False
Is 51/85 + 29344/10 prime?
False
Let x be 0/(-3 - -2) + 71. Let i = -34 + x. Is i prime?
True
Is ((-6)/(-9))/((-2)/(-9)) a composite number?
False
Let z = 78 - -174. Suppose 163 = 2*h + 3*g, 2*h - z = -g - 79. Is h prime?
True
Suppose 1754 = -6*h + 5978. Suppose h = 2*l - 60. Is l prime?
False
Suppose b - 720 - 181 = 0. Is b a composite number?
True
Let b(n) = -n**2 + 7*n - 6. Let j be b(6). Suppose j = -4*h + 1489 + 235. Suppose o = -5*s + 169, -4*s = -0*o - 3*o + h. Is o prime?
True
Let y = -4 - -8. Suppose y*f + 4